-4*o + 752 = -2*q - i*q. List the prime factors of o.
3, 61
Suppose 57*y = -3*y + 2093640. What are the prime factors of y?
2, 73, 239
Suppose 2*f + g = 60241, -2*g = -5*f + 230055 - 79421. List the prime factors of f.
2, 17, 443
Let l be -164 + (0 - 0/(1 - -3)). Let y = l + 611. Suppose 481 = 8*m - y. What are the prime factors of m?
2, 29
Let c(r) = 101*r + 112. Let h be c(12). Let z = -561 + h. List the prime factors of z.
7, 109
Let v(h) = 20077*h - 53. What are the prime factors of v(3)?
2, 30089
Suppose 2 - 1 = -r - c, -4*r - 25 = -3*c. Let b be (1/r)/((-4)/64). Suppose 5*u = 3*u - b*g + 82, 3*u - 144 = g. List the prime factors of u.
47
Suppose 47*m + 695657 = 1840389. List the prime factors of m.
2, 6089
Let m(a) = -14*a + 32*a - 8*a - 193 - 28*a. List the prime factors of m(-19).
149
What are the prime factors of 1590480/141 - (-21 + 2)?
11299
Let l(a) = -a**3 - 5*a**2 + a - 21. Let o be l(-7). Suppose 72*g = o*g + 680. What are the prime factors of g?
2, 5, 17
What are the prime factors of (3 - (13 + -6))/1 + (-6 - -9990)?
2, 5, 499
Let s be ((-16)/8)/((-6)/9). Suppose -a = -2*x + 812, 0 = -s*x - 8*a + 3*a + 1231. What are the prime factors of x?
11, 37
Let w(t) = -3211*t - 1640. List the prime factors of w(-7).
67, 311
Suppose -50 = -2*z - 52, o - 5*z - 3029 = 0. What are the prime factors of o?
2, 3, 7
Let r = 984 - 506. Let c = r + -136. Suppose c = 5*a - 5*v - 73, -4*a + 337 = -3*v. List the prime factors of a.
2, 11
List the prime factors of -6 + (-77350)/(154/(-11)).
5519
Let x = 31102 - 11639. What are the prime factors of x?
19463
Let k(z) be the second derivative of z**4 - z**3/2 - z**2/2 + 30*z. List the prime factors of k(-2).
53
Let g(o) = 4*o + 48. Let b be g(-15). List the prime factors of (4/(64/1812)*b)/(-1).
3, 151
Let u be (-1 - 1)*-117*(-2)/6. List the prime factors of u/182 + 21534/21.
5, 41
What are the prime factors of 10932 - 208/((-192)/(-12))?
61, 179
Let f(t) = -7*t - 156. Let j be f(30). Let v = j + 746. What are the prime factors of v?
2, 5, 19
Let n = 6210 + 5366. What are the prime factors of n?
2, 1447
Let w(b) = -2*b**3 - 8*b**2 + 25*b + 599. What are the prime factors of w(-14)?
11, 379
Let f = 38 - -23. Suppose 50 + f = -3*g. Let v = g + 134. What are the prime factors of v?
97
Let a be (-2)/((3/6)/((-2322)/4)). Suppose -6*q = 3*q - a. List the prime factors of -4 - -1 - (q/(-1))/2.
2, 3, 7
Suppose 2*y = -3*p + 14755, 2*y = 215*p - 211*p + 14790. List the prime factors of y.
5, 7, 211
Suppose 85 = 7*a - 13. Suppose -2*x - 5*p - 4 = a, -115 = 5*x - 5*p. Let h(l) = 2*l**2 + 29*l + 32. What are the prime factors of h(x)?
7, 29
Suppose -v - s + 8 = 2*v, 0 = -4*v - s + 10. Suppose -a + 5*z + 22 = 0, a = -4*a - 2*z + v. What are the prime factors of 30/(6/a + 54/(-20))?
2, 5
Suppose -6*b + 169 = -101. Let p = b + -44. What are the prime factors of (-1998)/(-36)*2*p?
3, 37
Suppose -20*q - 234 = -594. What are the prime factors of 1668/q + (-35)/(-15)?
5, 19
Suppose 2*y - 3*k = y + 16, 27 = 2*y - k. Suppose -y*c + 2878 = 395. What are the prime factors of c?
191
Suppose 8*p + g - 148298 = 0, 2*g - 50043 - 5572 = -3*p. What are the prime factors of p?
3, 37, 167
What are the prime factors of (-8 - (-3)/((-135)/(-522)))/((-1)/(-1385))?
2, 3, 277
Let i(o) = 8*o**2 - 5*o - 8. Let a be i(20). Suppose -10*q + 8*q + 5*u + a = 0, -q + 1568 = 3*u. What are the prime factors of q?
2, 389
Let m(k) = -9223*k**3 + 7*k**2 + 15*k + 9. List the prime factors of m(-1).
2, 1153
Suppose 0 = 3*b + y - 32050, 103*y - 101*y = 5*b - 53413. What are the prime factors of b?
3, 1187
Let u(y) be the first derivative of -y**4/2 - 13*y**3 + 23*y**2/2 - 37*y + 90. What are the prime factors of u(-21)?
11, 73
Let w(f) = 60*f**2 + 8*f + 4. Let n = 315 - 317. What are the prime factors of w(n)?
2, 3, 19
Let w(n) be the second derivative of -n**3/3 + 52*n**2 + 28*n. List the prime factors of w(-10).
2, 31
Let r be (12/(-8) + 3)*(0 + 2). Let s = -166 - -284. Suppose 0 = r*h - s - 41. List the prime factors of h.
53
Let p(f) = -f**3 + 56*f**2 + 116*f - 181. Let o be p(58). Suppose 8 = r + r, -2*z = r - 578. Let g = o + z. List the prime factors of g.
2, 53
Suppose 66638 = 3*t - g, 95*g - 94*g = 7. List the prime factors of t.
3, 5, 1481
Suppose 1 = 3*r + 2*k + 22, -r - 5*k = 7. What are the prime factors of (-3563)/(-21)*(-4 - r)?
509
Let x be 5 - (3 - 4)*3. Let n = x - 1. Suppose -10*d = -n*d - 186. What are the prime factors of d?
2, 31
Suppose 5*i - 3*i + 36 = 0. What are the prime factors of i*26/(-20)*15?
3, 13
Let x(o) = o**3 - 36*o**2 + 2*o - 86. Let p be x(36). Let y(c) = 1 - 11 + 3*c**2 + 1 + 10*c + 21*c. What are the prime factors of y(p)?
5, 29
Let t = -149 + 149. Suppose t = -6*v + 377 + 43. List the prime factors of v.
2, 5, 7
Let b(t) = 108*t**2 + 4*t - 4. Let m(l) = 4*l - 31. Let w = -64 - -72. Let o be m(w). What are the prime factors of b(o)?
2, 3
Suppose -21800 + 5675 = -3*n. List the prime factors of n.
5, 43
Let i(b) = 26*b**3 + 3*b**2 + 6*b - 121. What are the prime factors of i(8)?
3, 11, 37
Let q(s) = s**3 - 8*s**2 + 15*s - 10. Let p be q(6). Suppose p*a - 296 = 4*a. List the prime factors of a.
2, 37
Let v(y) = 2*y**2 - 17*y - 7. Let a be v(9). Suppose 5*z = -a*x + 74, -z - x - 2*x = -7. Suppose -296 - z = -6*o. What are the prime factors of o?
2, 13
Let b(f) be the second derivative of -f**4/12 + 2*f**3 + 7*f**2/2 - 16*f. Let m be b(12). Suppose m*j - 262 = 5*j. List the prime factors of j.
131
Let g be (-136)/14 + (-2)/7. Let w(h) be the first derivative of -5*h**2 + h - 1372. What are the prime factors of w(g)?
101
Suppose -w = 2*w - 0*w. Suppose 3*g + 3 = 0, w*u - 4*g = 2*u - 250. Let j = u + -54. List the prime factors of j.
73
Let s(h) = 6*h - 69. Let j be s(11). Let i(x) = -1 - 6*x - 2 - 17*x + 1. What are the prime factors of i(j)?
67
Suppose 0 = -841*z + 838*z + 21060. What are the prime factors of z?
2, 3, 5, 13
Let k(w) = w**2 + 16*w - 14. Let o be k(-17). Suppose -5*z + 2*l - 875 + 3079 = 0, -z = -o*l - 433. List the prime factors of z.
2, 13, 17
List the prime factors of ((16230/75)/(36/(-30)))/((-2)/246).
41, 541
Let q = 28 - 30. Let r be q + 2/3*6. Suppose 0 = r*d - 162 + 22. What are the prime factors of d?
2, 5, 7
Let i = 2350 - 1175. Suppose -1176*c + 391 = -i*c. List the prime factors of c.
17, 23
Let s be (-5136)/(-2889) - (8/(-18))/2. Suppose 9925 = 5*x + 16*i - 21*i, s*i = -x + 1991. What are the prime factors of x?
1987
Let d be (-19)/76 + 3045/(-12). Let c = 0 - -3. What are the prime factors of 3 + -3 - (d + c)?
251
Let z(q) = 4*q**2 + 3*q - 19. Let h(b) = -4*b**3 + 4*b**2 + 6*b + 1. Let w be h(-1). What are the prime factors of z(w)?
2, 13
Suppose 0*h + 2 = 2*h. Let j(u) = 5*u**2 + u - 3. Let g be j(h). Suppose 97 + 8 = g*c. What are the prime factors of c?
5, 7
Let d(u) be the first derivative of u**4/4 + 20*u**3/3 - 29*u**2/2 - 46*u - 86. What are the prime factors of d(-20)?
2, 3, 89
Let v be (0/(15/(-3)))/(-2). Suppose -30*w - 2*r = -32*w + 1248, 5*w + 3*r - 3128 = v. List the prime factors of w.
5
Let a be (-2 + -8 + 7)/((-12)/296). Suppose 78*b - 2288 = a*b. What are the prime factors of b?
2, 11, 13
Let r = -6 + 4. Let c(j) = 104*j + 2556. Let v be c(-18). What are the prime factors of 2/(r/2) - v/(-9)?
2, 37
Let h(z) = -5 + 111*z + 6*z**2 - 65*z - 56*z + z**3. List the prime factors of h(-7).
2
Suppose 3*v - 24 = 570. Let f = 1029 - v. What are the prime factors of f?
3, 277
Suppose 3*x = -3*g + 3, 2*x - x = -2. Let d = 86 + -83. Suppose 20 = 4*y, g*q = 7*q + d*y - 735. List the prime factors of q.
2, 3, 5
Let r = -92 - -181. Let d = r - 72. What are the prime factors of d?
17
Let j(p) = 9*p**2 + 9*p - 8. Let n be j(3). Let t = n - 21. List the prime factors of t.
79
Let f be (-12)/14*(-1813)/37. Let o = 97 - f. List the prime factors of o.
5, 11
Let r(f) = -f**2 + 21*f - 24. Let s be r(20). Let l be (-23)/92 + (-657)/s. Suppose k - l = -h - 0*h, -h = -k + 168. List the prime factors of k.
2, 83
Let j = 184 + -180. Suppose j*v = -l + 3775, 5*l + 9 - 24 = 0. What are the prime factors of v?
23, 41
Suppose 3*s - 8*i = -15*i + 29072, -5*s + 48438 = 4*i. What are the prime factors of s?
2, 29, 167
Let w(v) = -v**3 + 13*v**2 + 18*v - 22. Let u be w(13). Let m = u + 256. List the prime f